n divisor of 23 and 45682577.
23
Calculate the highest common factor of 117 and 2387328.
3
What is the highest common factor of 107135750 and 625?
125
What is the greatest common divisor of 57684 and 10641444?
2508
Calculate the highest common divisor of 619 and 32700532.
619
Calculate the highest common factor of 756 and 13274886.
6
Calculate the highest common factor of 2233112 and 56.
56
Calculate the greatest common divisor of 4378 and 180587.
11
Calculate the greatest common factor of 8140 and 7855.
5
What is the greatest common divisor of 16873 and 1119721?
359
Calculate the highest common divisor of 740 and 46647935.
185
What is the highest common factor of 3449000 and 600?
200
What is the highest common factor of 2085336 and 146817?
99
Calculate the greatest common divisor of 822 and 3741052698.
822
What is the greatest common factor of 362 and 11439562?
362
What is the highest common divisor of 1964733 and 342?
57
What is the greatest common divisor of 7584 and 852726?
474
What is the highest common divisor of 1403 and 236532?
23
What is the highest common factor of 12419161 and 74?
37
What is the greatest common factor of 41195 and 12133?
11
Calculate the highest common divisor of 441 and 175549997.
49
What is the highest common factor of 28633 and 10186?
11
What is the highest common factor of 5944 and 23581334?
1486
What is the highest common factor of 25208 and 1090520?
1096
What is the highest common divisor of 11057 and 1217585783?
11057
Calculate the greatest common divisor of 316 and 270348.
4
Calculate the greatest common factor of 6223321 and 13.
13
What is the greatest common divisor of 24000 and 2160375?
375
What is the greatest common divisor of 131692 and 690932?
1804
Calculate the highest common factor of 63886 and 721174.
34
What is the highest common factor of 45 and 19232345?
5
Calculate the greatest common divisor of 22481316 and 3393.
117
Calculate the highest common factor of 17 and 38679726.
17
Calculate the greatest common factor of 11101 and 2744276.
17
Calculate the highest common divisor of 4414422 and 1938.
114
What is the greatest common divisor of 13098453 and 85587?
1821
What is the highest common factor of 25102 and 84986?
22
What is the greatest common divisor of 11658650 and 650?
50
Calculate the greatest common divisor of 24617 and 11227.
103
Calculate the highest common divisor of 288806 and 73402.
686
What is the greatest common factor of 6368 and 202050272?
6368
Calculate the highest common factor of 26 and 3770698.
2
Calculate the highest common factor of 5677540 and 23705.
55
What is the highest common divisor of 30 and 13649830?
10
What is the highest common divisor of 14338 and 42158?
214
What is the greatest common divisor of 496 and 673232?
16
Calculate the highest common factor of 1171640 and 45560.
680
What is the highest common factor of 2540 and 2077120?
20
What is the highest common divisor of 155541 and 66021?
1119
What is the highest common divisor of 152 and 142244716?
76
What is the greatest common divisor of 66814919 and 367?
367
What is the greatest common factor of 230 and 19193385?
115
Calculate the greatest common factor of 108 and 21016188.
36
What is the greatest common divisor of 96 and 8902752?
96
Calculate the greatest common divisor of 6305288 and 257697.
1507
Calculate the greatest common factor of 1950390 and 16445.
65
Calculate the highest common factor of 88590 and 98960936.
5906
What is the highest common divisor of 22984 and 6476184?
1768
What is the greatest common factor of 907498264 and 656?
328
Calculate the highest common divisor of 30088 and 7948.
4
Calculate the greatest common divisor of 12975013 and 309.
103
What is the highest common factor of 1908 and 32747534?
106
What is the highest common factor of 293458 and 506?
22
What is the greatest common factor of 2257902 and 9666?
54
Calculate the highest common divisor of 668 and 8917466.
334
What is the greatest common divisor of 8983 and 661287?
691
Calculate the highest common factor of 15089 and 479767.
79
What is the highest common factor of 1809 and 133263402?
201
Calculate the highest common factor of 1118 and 13187928.
1118
What is the greatest common divisor of 3060 and 1228335?
255
What is the greatest common divisor of 272 and 1703848?
8
Calculate the highest common divisor of 126768 and 798.
114
What is the highest common factor of 8697 and 24258?
39
Calculate the greatest common divisor of 29761799 and 2906.
1453
What is the greatest common factor of 378 and 2042829?
9
Calculate the greatest common divisor of 372983 and 24277.
2207
Calculate the highest common factor of 19 and 302305865.
19
Calculate the greatest common factor of 391750 and 597250.
250
What is the highest common factor of 2034 and 17604738?
18
What is the greatest common factor of 12157831 and 539?
49
What is the highest common divisor of 995175 and 56475?
225
Calculate the greatest common factor of 81910908 and 144.
36
What is the greatest common factor of 14175196 and 47060?
724
Calculate the highest common divisor of 4216 and 5859713.
527
Calculate the greatest common divisor of 3700 and 606860.
20
What is the highest common factor of 6318 and 1835782?
26
Calculate the greatest common divisor of 30 and 1115005335.
15
What is the greatest common factor of 1197 and 5509677?
57
What is the greatest common factor of 11832 and 23543592?
696
Calculate the highest common divisor of 1057 and 119139151.
151
Calculate the highest common divisor of 24757 and 62699057.
1303
Calculate the greatest common factor of 9192598 and 52298.
158
Calculate the highest common divisor of 560 and 2225510.
70
Calculate the highest common factor of 730100 and 33972.
596
What is the highest common factor of 18900 and 172306575?
4725
Calculate the greatest common divisor of 3 and 343003833.
3
What is the greatest common divisor of 44140418 and 2218?
2218
Calculate the highest common factor of 740862 and 406218.
474
What is the greatest common factor of 22 and 43705211?
11
Calculate the greatest common divisor of 4404477 and 3036.
759
Calculate the highest common factor of 4773 and 461649.
111
Calculate the greatest common divisor of 320 and 7126040.
40
Calculate the highest common divisor of 8539508 and 65348.
2108
What is the highest common factor of 162996 and 211548?
3468
What is the greatest common factor of 67552742 and 240950?
9638
What is the highest common factor of 2007660 and 42?
6
What is the highest common divisor of 7089 and 12262719?
417
Calculate the greatest common factor of 2034 and 248466.
6
What is the highest common factor of 6888679 and 10136?
1267
What is the greatest common divisor of 3808 and 633416?
56
Calculate the greatest common divisor of 20218884 and 77.
7
Calculate the highest common factor of 5695586 and 1180634.
12974
Calculate the greatest common factor of 38194 and 3731858.
338
Calculate the highest common divisor of 1328287948 and 988.
988
Calculate the highest common divisor of 110 and 3895551.
11
What is the greatest common divisor of 93459373 and 3787?
3787
What is the greatest common divisor of 45140 and 45290670?
610
Calculate the highest common divisor of 722988 and 6916.
532
Calculate the highest common divisor of 26884 and 4406908.
2068
Calculate the highest common divisor of 913575 and 2414649.
2811
What is the highest common factor of 3550 and 1054097950?
3550
Calculate the highest common divisor of 844992 and 2678400.
1728
What is the greatest common factor of 4680 and 684660?
60
What is the highest common divisor of 7404696 and 2250240?
7032
What is the greatest common factor of 957 and 11874137?
319
Calculate the greatest common factor of 1442129 and 221.
13
Calculate the highest common divisor of 2370080 and 96.
32
Calculate the highest common factor of 1744809 and 40293.
1221
Calculate the highest common divisor of 10673949 and 2327.
2327
Calculate the greatest common factor of 3072 and 118464.
192
What is the greatest common factor of 2300432 and 29158?
122
Calculate the greatest common divisor of 8437 and 18155775.
649
What is the highest common factor of 17754 and 60456?
66
Calculate the greatest common divisor of 354 and 7618434.
354
Calculate the greatest common factor of 643528 and 529596.
1252
Wh